(j) = -6*j + 2. Let x(c) = c**2 + 3. Calculate the remainder when w(-3) is divided by x(-2).
6
Let c = -4 - -14. What is the remainder when 14 is divided by ((-16)/10)/(-4)*c?
2
What is the remainder when 55 is divided by (48/20)/((-12)/(-80))?
7
Let u = 91 - 81. What is the remainder when 13 is divided by u?
3
Suppose 4*i - 59 = -h + 14, 0 = 3*i - 5*h - 72. Let r(o) = 6*o - 5. What is the remainder when r(7) is divided by i?
18
Let h(z) = z**2 + 8*z - 2. Let s be h(-8). Let l be (33/(-2))/(9/(-12)). What is the remainder when 38 is divided by l*(-1)/s + 2?
12
Let m(c) = 56*c**3 + c**2 + c - 1. Suppose 4*w = -3*r + 20 + 9, 3*w = 5*r - 87. Calculate the remainder when m(1) is divided by r.
12
Let y(f) = f**2 + 8*f + 15. What is the remainder when 7 is divided by y(-6)?
1
Calculate the remainder when -3 + -3 + 44 - 0/(-1) is divided by 13.
12
Let n = 16 + -3. Suppose -3*m = 2*m - 50. Suppose -2*t = -2*f + m, f - 2*t - 5 = 3*t. Calculate the remainder when n is divided by f.
3
Let c be 74 - -1*(1 + 2). Suppose c = 5*d - 208. Let g = d - 41. Calculate the remainder when g is divided by 6.
4
Let q(o) = -8*o + 2. What is the remainder when (2/(-2))/1 + 35 is divided by q(-2)?
16
Let z(r) = 52*r + 1. Let k be z(2). Suppose 3*w - 9 = 0, -3*l + 3*w = -w - k. What is the remainder when l is divided by 2/10 + 594/30?
19
Suppose 2*q + 4*z = 5 - 87, 0 = -5*q - 5*z - 180. What is the remainder when 59 is divided by 7/(-14) - q/2?
14
Let d(b) = b**3 + 13*b**2 + 10*b - 15. What is the remainder when d(-12) is divided by 3?
0
Let w be (-7)/(-28) + (-30)/(-8). Suppose -2*p = -4*p + 2*h + 16, 12 = w*h. Let n(j) = -j + 6. What is the remainder when p is divided by n(0)?
5
Suppose -2*v + 16 = -0*v. Let f(w) = 3*w**2 + 6*w + 2. What is the remainder when f(-5) is divided by ((-12)/v)/((-6)/64)?
15
Let h(f) = 4*f. Calculate the remainder when 47 is divided by h(4).
15
Let q(w) be the third derivative of -w**6/120 + 7*w**5/60 - w**4/24 - w**2. Calculate the remainder when 88 is divided by q(6).
28
Let m(v) = 16*v - 3. Let x = -93 + 103. What is the remainder when m(2) is divided by x?
9
Let m be (-2)/10 + 6/30. Suppose m*r = -5*r + 85. Calculate the remainder when r is divided by 9.
8
Suppose 386 = 6*f + 38. Calculate the remainder when f is divided by 20.
18
Let s be 3/(-6)*-2 + -4. What is the remainder when 28 is divided by 12/s + (18 - -2)?
12
Let g be (4/5)/(8/20). Let c be ((-1)/2)/(g/(-432)). Let i = 152 - c. Calculate the remainder when i is divided by 15.
14
Suppose 2*c - 5*n - 345 = 0, -2*c + 3*n - 2*n = -325. Let r = c - 354. What is the remainder when 21 is divided by r/(-18) + (-2)/(-9)?
10
Suppose -13 = -3*v + 53. Calculate the remainder when v is divided by 8.
6
What is the remainder when 1/(((-11)/(-20))/11) is divided by 11?
9
Let x = 88 - 78. What is the remainder when 25 is divided by x?
5
Let q = -24 + 34. What is the remainder when 39 is divided by q?
9
Suppose w - 16 = -4*l + 9, -w + 5*l + 16 = 0. Calculate the remainder when w is divided by 11.
10
Calculate the remainder when 48/20*(39 - 4) is divided by 18.
12
Suppose 4*m + 5*l = 5*m + 7, 5*l = 15. Calculate the remainder when m is divided by 2.
0
Suppose 0 = h - 4*h + 3. Let q = h - -1. Suppose -r + 29 = -5*f + f, -q*r + 5*f + 67 = 0. What is the remainder when r is divided by 14?
13
Let r(l) = -l**3 + 14*l**2 - 18*l + 11. Let v be r(12). Let z = 173 - v. What is the remainder when z is divided by 23?
21
Suppose 2 = 2*x - 6. Suppose -2*g = -x*g + 8. Let n = 10 + g. What is the remainder when 54 is divided by n?
12
Let r = 50 + -23. Calculate the remainder when r is divided by 15.
12
Suppose 3 = -n + 3*s, 0 = -5*n - 5*s - 13 - 22. Let h = 3 - n. What is the remainder when h is divided by 4?
1
Let i(x) = 4*x**2 - 4*x + 3. Let k(c) = -12*c**2 + 13*c - 9. Let v(y) = 7*i(y) + 2*k(y). Calculate the remainder when v(2) is divided by 8.
7
Let c = 173 - 129. What is the remainder when c is divided by 24?
20
Suppose -12*m + 46 = -10*m. Calculate the remainder when m is divided by 6.
5
Let q(p) = -p**3 + 5*p**2 + 29*p - 9. Calculate the remainder when q(8) is divided by 63/4 + (-1)/(-4).
15
Suppose -2*d = d + 3*p + 27, 5 = -5*p. Let i = 12 + d. Suppose -3*w = i*c - 19, -3*c = -7*w + 2*w - 36. What is the remainder when 19 is divided by c?
5
Suppose 0 = 3*m - 7*m + 40. Calculate the remainder when (6 - 1)*(-39)/(-5) is divided by m.
9
Let u = 47 - 26. Calculate the remainder when u is divided by 6.
3
Suppose 5*y = -4*p + 12, y + 0*p = -2*p. What is the remainder when (-2 - 24)*(-2)/y is divided by 5?
3
Calculate the remainder when 93 is divided by 1*60*13/39.
13
Let r = 10 + -12. What is the remainder when (-3)/6*(r - 138) is divided by 18?
16
Let k = 5 + -2. Let b = -7 + 16. Suppose 4*h - b + 1 = 0. What is the remainder when k is divided by h?
1
Calculate the remainder when 65 is divided by 266/8 - 2/8.
32
Let u(f) = -f**2 - 7*f - 4. Let g be u(-4). Suppose 392 = 8*s - 4*s. Suppose -3*d - g = -s. Calculate the remainder when d is divided by 16.
14
What is the remainder when 3/(-9) - 68/(-6)*1 is divided by 1?
0
Calculate the remainder when (-42)/2*(-14)/21 is divided by 3.
2
Let i(a) = -3*a**2 + 4. Let t(q) = -3*q**2 - q + 3. Suppose 2*u + 3 = -3. Let m(j) = u*t(j) + 2*i(j). Calculate the remainder when m(2) is divided by 9.
8
Let m be 4/(-4)*(-1)/1. Suppose 43 = f + m. What is the remainder when f is divided by 11?
9
Let z = 12 + -10. Suppose 2*u - 2 = z. Calculate the remainder when 2 is divided by u.
0
Suppose -10 = 2*q - 34. What is the remainder when q is divided by 8?
4
Let g = -6 - -9. What is the remainder when ((-21)/12)/((-2)/40) is divided by -4 - -1 - -5*g?
11
Let g = -20 - -34. What is the remainder when 37 is divided by g?
9
Suppose -3*o - 4*u + 28 + 7 = 0, -3*o = 5*u - 37. What is the remainder when 42 is divided by o?
6
Let a(f) = f + 9. Let v be a(-4). Calculate the remainder when (-112)/(-3) - v/15 is divided by ((-13)/4)/(1/(-4)).
11
What is the remainder when (1 + -2)*(-15 + -3) is divided by 7?
4
What is the remainder when 87 is divided by 4/(-5) + 1 - (-74)/5?
12
Let v be 1 - (-3 + (2 - -2)). Let j(a) = -a**3 + a**2 + 85. What is the remainder when j(v) is divided by 22?
19
Let i = -13 - -29. What is the remainder when 47 is divided by i?
15
Suppose 46 = -5*i + 166. What is the remainder when i + -1 + (-1 - 0) is divided by 6?
4
Let j be (0 - (3 + -4)) + 241. Suppose -183 = -3*d + 2*m, d + 3*d = 2*m + j. Calculate the remainder when d is divided by 15.
14
Let r be 2*(5/(-2))/(-5). Suppose 2*y + r = 23. What is the remainder when 20 is divided by y?
9
Let y(u) = 77*u**3 + u**2 - u. Let b be y(1). Let l be 2/(-8) - (-405)/(-12). Let p = b + l. What is the remainder when p is divided by 15?
13
Let q(r) be the first derivative of -7*r**2/2 + 5. Calculate the remainder when q(-1) is divided by 2.
1
Suppose 23 = 27*r - 26*r. Calculate the remainder when r is divided by 9.
5
Let u be (4/(-10))/((-3)/(-45)). What is the remainder when 53 is divided by (0 + u)/(2/(-6))?
17
Suppose -6*d + 4*d - 3*c + 17 = 0, -67 = -4*d + 5*c. Suppose 4*i - 7*i - 5*y = 16, 0 = -i + 2*y + d. Calculate the remainder when 11 is divided by i.
2
Suppose g - u - 5 = -3*u, -5*g = 3*u - 25. Let h = 8 - g. Suppose -b + 21 = -h. Calculate the remainder when b is divided by 9.
6
Suppose -50 = -w - 3*k, 3*w - 3*k = -31 + 121. What is the remainder when 135 is divided by w?
30
Let m be (-16)/(1/(-7)*1). Suppose m = 4*k + 2*d - 3*d, -5*d = -2*k + 56. Calculate the remainder when k is divided by 15.
13
Suppose 5*p = 9*p - 40. What is the remainder when 26 is divided by p?
6
Suppose 11 = -3*a + 197. Calculate the remainder when a is divided by 13.
10
Let x(f) = -f + 1. Let j be x(-2). Suppose 0 = -j*y - y + 52. Suppose -i = -3 - 2. What is the remainder when y is divided by i?
3
Let x(z) = 2*z - 7. Let q be x(6). Suppose 0 = q*d + 5*s - 80, -d = -2*s - 24 + 2. Suppose -10*i = -4*i - 312. Calculate the remainder when i is divided by d.
16
Let j(a) = -a**2 + a + 18. Let d(h) = -h + 5. Let r be d(0). Let s = r + 0. What is the remainder when j(0) is divided by s?
3
Suppose -3*j = -7*j + 72. What is the remainder when -3 - (-6)/4*24 is divided by j?
15
Suppose -k - 9 = 5*b, b + 0*b + 4 = 0. What is the remainder when 43 is